{"id":582,"date":"2026-01-18T07:32:21","date_gmt":"2026-01-18T07:32:21","guid":{"rendered":"https:\/\/upominkowo.org\/?post_type=product&#038;p=582"},"modified":"2026-02-20T04:44:39","modified_gmt":"2026-02-20T04:44:39","slug":"zestaw-z-psami-corgi","status":"publish","type":"product","link":"https:\/\/upominkowo.org\/?product=zestaw-z-psami-corgi","title":{"rendered":"Zestaw z psami Corgi"},"content":{"rendered":"","protected":false},"excerpt":{"rendered":"<h3 data-start=\"87\" data-end=\"139\">Na zdj\u0119ciu zaprezentowany jest <strong data-start=\"787\" data-end=\"825\">jeden kubek pokazany z dw\u00f3ch stron<\/strong>, aby dok\u0142adnie zobrazowa\u0107 wygl\u0105d nadruku.<\/h3>\n<h3 data-start=\"87\" data-end=\"139\">\ud83d\udc39 ZESTAW GAD\u017bET\u00d3W \u2013 SUPER POMYS\u0141 NA PREZENT! \ud83c\udf81<\/h3>\n<p data-start=\"141\" data-end=\"289\">Kolorowy i praktyczny <strong data-start=\"163\" data-end=\"202\">zestaw gad\u017cet\u00f3w z uroczym nadrukiem<\/strong>, kt\u00f3ry \u015bwietnie sprawdzi si\u0119 dla dzieci i m\u0142odzie\u017cy \u2013 do pokoju, szko\u0142y i na co dzie\u0144.<\/p>\n<h4 data-start=\"291\" data-end=\"307\">W ZESTAWIE:<\/h4>\n<p data-start=\"308\" data-end=\"341\">\u2728 <strong data-start=\"310\" data-end=\"339\">FOTO PODUSZKA typu Jasiek<\/strong><\/p>\n<ul data-start=\"342\" data-end=\"436\">\n<li data-start=\"342\" data-end=\"368\">\n<p data-start=\"344\" data-end=\"368\">rozmiar <strong data-start=\"352\" data-end=\"366\">30 \u00d7 30 cm<\/strong><\/p>\n<\/li>\n<li data-start=\"369\" data-end=\"409\">\n<p data-start=\"371\" data-end=\"409\">mi\u0119kka, wygodna i przyjemna w dotyku<\/p>\n<\/li>\n<li data-start=\"410\" data-end=\"436\">\n<p data-start=\"412\" data-end=\"436\">trwa\u0142y, wyra\u017any nadruk<\/p>\n<\/li>\n<\/ul>\n<p data-start=\"438\" data-end=\"456\">\u2615 <strong data-start=\"440\" data-end=\"454\">FOTO KUBEK<\/strong><\/p>\n<ul data-start=\"457\" data-end=\"532\">\n<li data-start=\"457\" data-end=\"494\">\n<p data-start=\"459\" data-end=\"494\">klasyczny bia\u0142y kubek z nadrukiem<\/p>\n<\/li>\n<li data-start=\"495\" data-end=\"532\">\n<p data-start=\"497\" data-end=\"532\">idealny na kakao, herbat\u0119 lub sok<\/p>\n<\/li>\n<\/ul>\n<p data-start=\"534\" data-end=\"563\">\ud83c\udf92 <strong data-start=\"537\" data-end=\"561\">BIA\u0141Y WOREK SPORTOWY<\/strong><\/p>\n<ul data-start=\"564\" data-end=\"653\">\n<li data-start=\"564\" data-end=\"590\">\n<p data-start=\"566\" data-end=\"590\">rozmiar <strong data-start=\"574\" data-end=\"588\">34 \u00d7 41 cm<\/strong><\/p>\n<\/li>\n<li data-start=\"591\" data-end=\"610\">\n<p data-start=\"593\" data-end=\"610\">lekki i pojemny<\/p>\n<\/li>\n<li data-start=\"611\" data-end=\"653\">\n<p data-start=\"613\" data-end=\"653\">\u015bwietny do szko\u0142y, na WF lub wycieczk\u0119<\/p>\n<\/li>\n<\/ul>\n<p data-start=\"655\" data-end=\"770\">\ud83c\udf89 <strong data-start=\"658\" data-end=\"677\">Dlaczego warto?<\/strong><br data-start=\"677\" data-end=\"680\" \/>\u2714 fajny design<br data-start=\"694\" data-end=\"697\" \/>\u2714 solidne wykonanie<\/p>\n<p data-start=\"772\" data-end=\"839\">\u015awietny wyb\u00f3r na <strong data-start=\"789\" data-end=\"834\">prezent urodzinowy, \u015bwi\u0119ta lub bez okazji<\/strong> \ud83c\udf88<\/p>\n","protected":false},"featured_media":845,"comment_status":"open","ping_status":"closed","template":"","meta":{"saved_in_kubio":false,"_kadence_starter_templates_imported_post":false},"product_brand":[],"product_cat":[25],"product_tag":[],"class_list":{"0":"post-582","1":"product","2":"type-product","3":"status-publish","4":"has-post-thumbnail","6":"product_cat-zestaw","8":"first","9":"instock","10":"shipping-taxable","11":"purchasable","12":"product-type-simple"},"jetpack_sharing_enabled":true,"_links":{"self":[{"href":"https:\/\/upominkowo.org\/index.php?rest_route=\/wp\/v2\/product\/582","targetHints":{"allow":["GET"]}}],"collection":[{"href":"https:\/\/upominkowo.org\/index.php?rest_route=\/wp\/v2\/product"}],"about":[{"href":"https:\/\/upominkowo.org\/index.php?rest_route=\/wp\/v2\/types\/product"}],"replies":[{"embeddable":true,"href":"https:\/\/upominkowo.org\/index.php?rest_route=%2Fwp%2Fv2%2Fcomments&post=582"}],"version-history":[{"count":1,"href":"https:\/\/upominkowo.org\/index.php?rest_route=\/wp\/v2\/product\/582\/revisions"}],"predecessor-version":[{"id":585,"href":"https:\/\/upominkowo.org\/index.php?rest_route=\/wp\/v2\/product\/582\/revisions\/585"}],"wp:featuredmedia":[{"embeddable":true,"href":"https:\/\/upominkowo.org\/index.php?rest_route=\/wp\/v2\/media\/845"}],"wp:attachment":[{"href":"https:\/\/upominkowo.org\/index.php?rest_route=%2Fwp%2Fv2%2Fmedia&parent=582"}],"wp:term":[{"taxonomy":"product_brand","embeddable":true,"href":"https:\/\/upominkowo.org\/index.php?rest_route=%2Fwp%2Fv2%2Fproduct_brand&post=582"},{"taxonomy":"product_cat","embeddable":true,"href":"https:\/\/upominkowo.org\/index.php?rest_route=%2Fwp%2Fv2%2Fproduct_cat&post=582"},{"taxonomy":"product_tag","embeddable":true,"href":"https:\/\/upominkowo.org\/index.php?rest_route=%2Fwp%2Fv2%2Fproduct_tag&post=582"}],"curies":[{"name":"wp","href":"https:\/\/api.w.org\/{rel}","templated":true}]}}